{"id":58,"date":"2013-05-20T12:29:27","date_gmt":"2013-05-20T10:29:27","guid":{"rendered":"http:\/\/192.168.0.1\/hungermarsch\/?page_id=58"},"modified":"2025-04-06T10:04:39","modified_gmt":"2025-04-06T08:04:39","slug":"tanzania","status":"publish","type":"page","link":"https:\/\/hungermarsch.de\/?page_id=58","title":{"rendered":"Tanzania"},"content":{"rendered":"<h1>Ngoyoni \u201eHermann Kiefer Krankenhaus\u201c<br \/>\nPfr. Dr. Pius Shao; Sr. Maryvenerand<\/h1>\n<div class=\"flex max-w-full flex-col grow\">\n<div class=\"min-h-8 text-message relative flex w-full flex-col items-end gap-2 text-start break-words whitespace-normal [.text-message+&amp;]:mt-5\" dir=\"auto\" data-message-author-role=\"assistant\" data-message-id=\"9e6446e2-a69f-44bc-a8b3-69d439b092c3\" data-message-model-slug=\"gpt-4o-mini\">\n<div class=\"flex w-full flex-col gap-1 empty:hidden first:pt-[3px]\">\n<div class=\"markdown prose dark:prose-invert w-full break-words light\">\n<p class=\"\" data-start=\"57\" data-end=\"450\">Das Krankenhaus ben\u00f6tigt zur weiteren Ausstattung ein Diagnosezentrum mit einem eigenen Labor.<\/p>\n<p class=\"\" data-start=\"57\" data-end=\"450\">Der Rohbau steht, 2025 wird dieses Zentrum fertiggestellt. Auch an einer eigenen Wasserversorgung wird weitergebaut. Das mittlerweile 30 Jahre alte Krankenhaus ist in einem guten Zustand, stark frequentiert und f\u00fcr die gesamte Bev\u00f6lkerung am Fu\u00dfe des Kilimandscharo eine unentbehrliche Einrichtung.<\/p>\n<\/div>\n<\/div>\n<\/div>\n<\/div>\n<div class=\"flex justify-start\"><\/div>\n<p>&nbsp;<\/p>\n<hr \/>\n<h1>Wasserprojekte und Schulen in der Di\u00f6zese Same<br \/>\n&#8211; Bischof Rogath Kimaryo, Pfr. Deo und Pfr. Aquillin<\/h1>\n<p>Der Bau von Brunnen an verschiedenen Orten im Gebiet der Massai ist und bleibt ein Schwerpunkt unserer Hilfe. Dort, wo Wasser flie\u00dft, bl\u00fchen die Menschen auf. Auch 2024 wurden einige Brunnen gebohrt, die die Menschen in einer weiten Umgebung um Kitamuri mit sauberem Trinkwasser versorgen.<\/p>\n<p>F\u00fcr 2025 sollen weitere Brunnen erschlossen werden, die den Menschen Zugang zu frischem Wasser erm\u00f6glichen. Mit dem Bau von Brunnen sind auch landwirtschaftliche Projekte verbunden: Gem\u00fcseg\u00e4rten und Baumschulen. Mit Mikrokrediten beginnen die Frauen eine H\u00fchnerzucht, um die Schulgelder f\u00fcr die Kinder zahlen zu k\u00f6nnen.<\/p>\n<p>Derzeit entsteht eine neue Grundschule f\u00fcr die Kinder der Massai. Sie soll den Namen \u201eKlaus-Armbrust-Schule\u201c tragen. In der Henry-Winkelmolen-Schule in Same wird ein neuer Schlafsaal f\u00fcr die Jungen gebaut, sowie eine gro\u00dfe Zisterne zum Auffangen des Regenwassers.<\/p>\n","protected":false},"excerpt":{"rendered":"<p>Ngoyoni \u201eHermann Kiefer Krankenhaus\u201c Pfr. Dr. Pius Shao; Sr. Maryvenerand Das Krankenhaus ben\u00f6tigt zur weiteren Ausstattung ein Diagnosezentrum mit einem eigenen Labor. Der Rohbau steht, 2025 wird dieses Zentrum fertiggestellt. Auch an einer eigenen Wasserversorgung wird weitergebaut. Das mittlerweile 30 Jahre alte Krankenhaus ist in einem guten Zustand, stark frequentiert und f\u00fcr die gesamte Bev\u00f6lkerung [&hellip;]<\/p>\n","protected":false},"author":1,"featured_media":0,"parent":0,"menu_order":0,"comment_status":"closed","ping_status":"open","template":"","meta":{"footnotes":""},"class_list":["post-58","page","type-page","status-publish","hentry"],"_links":{"self":[{"href":"https:\/\/hungermarsch.de\/index.php?rest_route=\/wp\/v2\/pages\/58","targetHints":{"allow":["GET"]}}],"collection":[{"href":"https:\/\/hungermarsch.de\/index.php?rest_route=\/wp\/v2\/pages"}],"about":[{"href":"https:\/\/hungermarsch.de\/index.php?rest_route=\/wp\/v2\/types\/page"}],"author":[{"embeddable":true,"href":"https:\/\/hungermarsch.de\/index.php?rest_route=\/wp\/v2\/users\/1"}],"replies":[{"embeddable":true,"href":"https:\/\/hungermarsch.de\/index.php?rest_route=%2Fwp%2Fv2%2Fcomments&post=58"}],"version-history":[{"count":27,"href":"https:\/\/hungermarsch.de\/index.php?rest_route=\/wp\/v2\/pages\/58\/revisions"}],"predecessor-version":[{"id":680,"href":"https:\/\/hungermarsch.de\/index.php?rest_route=\/wp\/v2\/pages\/58\/revisions\/680"}],"wp:attachment":[{"href":"https:\/\/hungermarsch.de\/index.php?rest_route=%2Fwp%2Fv2%2Fmedia&parent=58"}],"curies":[{"name":"wp","href":"https:\/\/api.w.org\/{rel}","templated":true}]}}